r of 17 and 901?
17
What is the highest common factor of 11938 and 188?
94
What is the greatest common factor of 396 and 6?
6
Calculate the highest common divisor of 2479 and 111.
37
What is the highest common factor of 79837 and 29?
29
What is the greatest common divisor of 7536 and 192?
48
What is the greatest common divisor of 27 and 13743?
27
Calculate the highest common divisor of 17 and 1241.
17
Calculate the greatest common divisor of 1812 and 96.
12
What is the highest common factor of 5850 and 675?
225
Calculate the highest common factor of 42 and 658.
14
Calculate the greatest common factor of 48 and 9008.
16
What is the highest common factor of 141 and 5217?
141
Calculate the highest common divisor of 282 and 114492.
282
Calculate the highest common factor of 163758 and 294.
294
What is the greatest common divisor of 12145 and 35?
35
What is the highest common factor of 45 and 9?
9
Calculate the greatest common divisor of 328 and 64.
8
Calculate the highest common factor of 697 and 246.
41
What is the greatest common factor of 8796 and 96?
12
Calculate the greatest common divisor of 52 and 3562.
26
Calculate the greatest common divisor of 40 and 190.
10
What is the greatest common factor of 376 and 4?
4
What is the greatest common divisor of 91 and 195?
13
What is the greatest common divisor of 90 and 20070?
90
Calculate the highest common factor of 247 and 13.
13
Calculate the highest common factor of 98 and 84.
14
What is the highest common factor of 22 and 2266?
22
What is the highest common factor of 470 and 10?
10
What is the highest common divisor of 2183 and 118?
59
Calculate the greatest common divisor of 100 and 40.
20
Calculate the greatest common divisor of 1275 and 306.
51
Calculate the greatest common factor of 1469 and 113.
113
What is the highest common divisor of 1008 and 1176?
168
Calculate the greatest common divisor of 1458 and 12.
6
Calculate the highest common factor of 195 and 91.
13
What is the highest common divisor of 67 and 48173?
67
Calculate the greatest common factor of 49 and 364.
7
Calculate the greatest common divisor of 28358 and 22.
22
What is the highest common divisor of 70 and 5530?
70
What is the highest common divisor of 1 and 27?
1
What is the greatest common divisor of 42500 and 68?
68
What is the highest common divisor of 2802 and 6?
6
What is the greatest common factor of 1245 and 498?
249
What is the highest common factor of 5427 and 243?
81
What is the highest common divisor of 45 and 795?
15
What is the greatest common divisor of 308 and 56?
28
What is the greatest common factor of 70 and 16730?
70
What is the greatest common divisor of 41 and 1927?
41
Calculate the highest common divisor of 56 and 36.
4
What is the greatest common divisor of 24 and 3246?
6
What is the highest common factor of 40 and 8?
8
What is the greatest common factor of 325 and 234?
13
What is the greatest common factor of 1 and 16?
1
Calculate the highest common factor of 15 and 495.
15
What is the highest common divisor of 80 and 100?
20
What is the highest common divisor of 18304 and 26?
26
Calculate the greatest common factor of 676 and 104.
52
Calculate the greatest common divisor of 740 and 17908.
148
What is the highest common factor of 46072 and 13?
13
Calculate the greatest common divisor of 54 and 66.
6
What is the greatest common factor of 84 and 24?
12
What is the highest common factor of 1177 and 6955?
107
What is the highest common factor of 3127 and 53?
53
Calculate the highest common divisor of 412 and 4.
4
Calculate the highest common factor of 546 and 189.
21
Calculate the highest common factor of 858 and 195.
39
Calculate the greatest common factor of 54 and 90.
18
Calculate the greatest common divisor of 4032 and 768.
192
What is the greatest common factor of 119 and 7888?
17
What is the highest common factor of 39 and 12?
3
What is the highest common factor of 5207 and 1778?
127
Calculate the highest common divisor of 160 and 1040.
80
Calculate the highest common factor of 37 and 2183.
37
What is the greatest common factor of 143 and 1375?
11
Calculate the greatest common divisor of 16 and 832.
16
Calculate the highest common factor of 49395 and 30.
15
What is the highest common divisor of 2812 and 74?
74
What is the highest common divisor of 161 and 207?
23
Calculate the greatest common divisor of 437 and 1501.
19
What is the greatest common divisor of 297 and 171?
9
Calculate the highest common factor of 133 and 497.
7
Calculate the greatest common divisor of 12 and 303.
3
What is the greatest common factor of 67 and 67?
67
Calculate the highest common divisor of 592 and 128.
16
Calculate the greatest common factor of 946 and 22.
22
What is the greatest common divisor of 78 and 52?
26
What is the highest common factor of 1173 and 6?
3
What is the greatest common divisor of 333 and 9?
9
Calculate the greatest common factor of 51 and 17.
17
What is the highest common divisor of 2883 and 837?
93
What is the highest common divisor of 120 and 102?
6
Calculate the greatest common divisor of 1394 and 34.
34
Calculate the highest common factor of 99 and 77.
11
Calculate the greatest common factor of 58 and 551.
29
What is the greatest common divisor of 3114 and 126?
18
What is the highest common divisor of 1476 and 8733?
123
Calculate the greatest common factor of 1143 and 72.
9
What is the highest common divisor of 24076 and 52?
52
Calculate the greatest common divisor of 507 and 429.
39
Calculate the highest common divisor of 8 and 11828.
4
Calculate the greatest common factor of 51 and 2788.
17
Calculate the highest common factor of 154 and 550.
22
What is the highest common factor of 1562 and 426?
142
Calculate the greatest common factor of 34 and 7786.
34
Calculate the highest common factor of 45 and 711.
9
What is the highest common factor of 90 and 10?
10
Calculate the greatest common divisor of 27 and 783.
27
What is the highest common factor of 8 and 956?
4
What is the highest common divisor of 438 and 11242?
146
Calculate the greatest common factor of 2 and 458.
2
What is the greatest common factor of 2665 and 117?
13
What is the highest common divisor of 12059 and 31?
31
What is the highest common divisor of 132 and 33?
33
Calculate the greatest common factor of 2877 and 105.
21
What is the greatest common factor of 45 and 9?
9
Calculate the highest common divisor of 266 and 190.
38
Calculate the greatest common divisor of 336 and 42.
42
Calculate the highest common divisor of 88 and 484.
44
What is the greatest common factor of 92 and 8?
4
Calculate the greatest common divisor of 378 and 231.
21
Calculate the greatest common factor of 1610 and 2576.
322
What is the highest common divisor of 676 and 104?
52
Calculate the greatest common factor of 2 and 6.
2
Calculate the highest common factor of 190 and 15865.
95
What is the greatest common factor of 1085 and 175?
35
Calculate the highest common factor of 72 and 63.
9
What is the highest common factor of 72 and 126?
18
What is the greatest common factor of 2177 and 77?
7
What is the greatest common factor of 734 and 2?
2
Calculate the highest common factor of 64 and 28.
4
What is the highest common factor of 120 and 30?
30
Calculate the highest common factor of 20 and 24020.
20
What is the highest common factor of 48 and 3348?
12
What is the highest common factor of 145 and 116?
29
Calculate the greatest common factor of 210 and 2030.
70
What is the highest common divisor of 80 and 48?
16
Calculate the highest common divisor of 736 and 32.
32
Calculate the highest common divisor of 363 and 1089.
363
What is the highest common divisor of 41520 and 30?
30
Calculate the greatest common factor of 37 and 5809.
37
What is the greatest common divisor of 208 and 182?
26
Calculate the greatest common divisor of 1815 and 8591.
121
What is the greatest common factor of 42 and 21?
21
Calculate the highest common divisor of 24 and 138.
6
Calculate the greatest common factor of 2584 and 136.
136
What is the greatest common factor of 572 and 52?
52
What is the highest common factor of 2270 and 10?
10
Calculate the greatest common factor of 295 and 118.
59
Calculate the highest common divisor of 74 and 1147.
37
What is the greatest common factor of 2